{"id":26,"date":"2024-06-18T11:19:25","date_gmt":"2024-06-18T11:19:25","guid":{"rendered":"http:\/\/la-rioja.eu\/?page_id=26"},"modified":"2024-07-16T17:37:20","modified_gmt":"2024-07-16T17:37:20","slug":"impressum","status":"publish","type":"page","link":"https:\/\/la-rioja.eu\/fr\/impressum\/","title":{"rendered":"Impressum"},"content":{"rendered":"<div data-elementor-type=\"wp-page\" data-elementor-id=\"26\" class=\"elementor elementor-26\">\n\t\t\t\t<div class=\"elementor-element elementor-element-5d5a528 e-flex e-con-boxed e-con e-parent\" data-id=\"5d5a528\" data-element_type=\"container\">\n\t\t\t\t\t<div class=\"e-con-inner\">\n\t\t\t\t<div class=\"elementor-element elementor-element-e11853b elementor-widget__width-inherit elementor-widget elementor-widget-heading\" data-id=\"e11853b\" data-element_type=\"widget\" data-widget_type=\"heading.default\">\n\t\t\t\t<div class=\"elementor-widget-container\">\n\t\t\t<h2 class=\"elementor-heading-title elementor-size-default\">Impressum<\/h2>\t\t<\/div>\n\t\t\t\t<\/div>\n\t\t\t\t\t<\/div>\n\t\t\t\t<\/div>\n\t\t<div class=\"elementor-element elementor-element-c0d6add e-flex e-con-boxed e-con e-parent\" data-id=\"c0d6add\" data-element_type=\"container\">\n\t\t\t\t\t<div class=\"e-con-inner\">\n\t\t\t\t<div class=\"elementor-element elementor-element-0f5e813 elementor-widget elementor-widget-html\" data-id=\"0f5e813\" data-element_type=\"widget\" data-widget_type=\"html.default\">\n\t\t\t\t<div class=\"elementor-widget-container\">\n\t\t\t<h1>Impressum<\/h1>\r\n\r\n<p>Jana Schaefer<br \/>\r\nBistrot espagnol en France<br \/>\r\n32 Route de Sarrelouis<br \/>\r\n57320 Schreckling<\/p>\r\n\r\n<h2>Contact<\/h2>\r\n<p>Telefon: 01606800686<br \/>\r\nE-Mail: larioja@gmx.net<\/p>\r\n\r\n<h2>Num\u00e9ro de TVA<\/h2>\r\n<p>Num\u00e9ro d'identification de la taxe sur le chiffre d'affaires conform\u00e9ment au \u00a7 27 a de la loi sur la taxe sur le chiffre d'affaires :<br \/>\r\nFR25984282640<\/p>\r\n\r\n<h2>R\u00e8glement des litiges de l'UE<\/h2>\r\n<p>La Commission europ\u00e9enne met \u00e0 disposition une plateforme de r\u00e8glement en ligne des litiges (RLL) : <a href=\"https:\/\/ec.europa.eu\/consumers\/odr\/\" target=\"_blank\" rel=\"noopener noreferrer\">https:\/\/ec.europa.eu\/consumers\/odr\/<\/a>.<br \/> Vous trouverez notre adresse e-mail en haut dans les mentions l\u00e9gales.<\/p>\r\n\r\n<h2>R\u00e8glement des litiges de consommation\/organe universel de conciliation<\/h2>\r\n<p>Nous ne sommes pas pr\u00eats ou oblig\u00e9s de participer \u00e0 des proc\u00e9dures de r\u00e8glement des litiges devant un organisme de conciliation des consommateurs.\n\nSource : eRecht24<\/p>\r\n\r\n<p>Source :https:\/\/www.e-recht24.de <a href=\"https:\/\/www.e-recht24.de\">eRecht24<\/a><\/p>\t\t<\/div>\n\t\t\t\t<\/div>\n\t\t\t\t\t<\/div>\n\t\t\t\t<\/div>\n\t\t\t\t<\/div>","protected":false},"excerpt":{"rendered":"<p>Impressum Impressum Jana Schaefer Spanisches Bistro in Frankreich 32 Route de Sarrelouis 57320 Schreckling Kontakt Telefon: 01606800686 E-Mail: larioja@gmx.net Umsatzsteuer-ID Umsatzsteuer-Identifikationsnummer gem&auml;&szlig; &sect; 27 a Umsatzsteuergesetz: FR25984282640 EU-Streitschlichtung Die Europ&auml;ische [&hellip;]<\/p>","protected":false},"author":1,"featured_media":0,"parent":0,"menu_order":0,"comment_status":"closed","ping_status":"closed","template":"","meta":{"footnotes":""},"class_list":["post-26","page","type-page","status-publish","hentry","entry"],"yoast_head":"<!-- This site is optimized with the Yoast SEO plugin v23.4 - https:\/\/yoast.com\/wordpress\/plugins\/seo\/ -->\n<title>Impressum - La-Rioja.eu<\/title>\n<meta name=\"robots\" content=\"index, follow, max-snippet:-1, max-image-preview:large, max-video-preview:-1\" \/>\n<link rel=\"canonical\" href=\"https:\/\/la-rioja.eu\/fr\/impressum\/\" \/>\n<meta property=\"og:locale\" content=\"fr_FR\" \/>\n<meta property=\"og:type\" content=\"article\" \/>\n<meta property=\"og:title\" content=\"Impressum - La-Rioja.eu\" \/>\n<meta property=\"og:description\" content=\"Impressum Impressum Jana Schaefer Spanisches Bistro in Frankreich 32 Route de Sarrelouis 57320 Schreckling Kontakt Telefon: 01606800686 E-Mail: larioja@gmx.net Umsatzsteuer-ID Umsatzsteuer-Identifikationsnummer gem&auml;&szlig; &sect; 27 a Umsatzsteuergesetz: FR25984282640 EU-Streitschlichtung Die Europ&auml;ische [&hellip;]\" \/>\n<meta property=\"og:url\" content=\"https:\/\/la-rioja.eu\/fr\/impressum\/\" \/>\n<meta property=\"og:site_name\" content=\"La-Rioja.eu\" \/>\n<meta property=\"article:publisher\" content=\"https:\/\/www.facebook.com\/larioja.schreckling\/\" \/>\n<meta property=\"article:modified_time\" content=\"2024-07-16T17:37:20+00:00\" \/>\n<meta name=\"twitter:card\" content=\"summary_large_image\" \/>\n<script type=\"application\/ld+json\" class=\"yoast-schema-graph\">{\"@context\":\"https:\/\/schema.org\",\"@graph\":[{\"@type\":\"WebPage\",\"@id\":\"https:\/\/la-rioja.eu\/impressum\/\",\"url\":\"https:\/\/la-rioja.eu\/impressum\/\",\"name\":\"Impressum - La-Rioja.eu\",\"isPartOf\":{\"@id\":\"https:\/\/la-rioja.eu\/#website\"},\"datePublished\":\"2024-06-18T11:19:25+00:00\",\"dateModified\":\"2024-07-16T17:37:20+00:00\",\"breadcrumb\":{\"@id\":\"https:\/\/la-rioja.eu\/impressum\/#breadcrumb\"},\"inLanguage\":\"fr-FR\",\"potentialAction\":[{\"@type\":\"ReadAction\",\"target\":[\"https:\/\/la-rioja.eu\/impressum\/\"]}]},{\"@type\":\"BreadcrumbList\",\"@id\":\"https:\/\/la-rioja.eu\/impressum\/#breadcrumb\",\"itemListElement\":[{\"@type\":\"ListItem\",\"position\":1,\"name\":\"Startseite\",\"item\":\"https:\/\/la-rioja.eu\/\"},{\"@type\":\"ListItem\",\"position\":2,\"name\":\"Impressum\"}]},{\"@type\":\"WebSite\",\"@id\":\"https:\/\/la-rioja.eu\/#website\",\"url\":\"https:\/\/la-rioja.eu\/\",\"name\":\"https:\/\/La-Rioja.eu\",\"description\":\"Das etwas andere Restaurant\",\"publisher\":{\"@id\":\"https:\/\/la-rioja.eu\/#organization\"},\"potentialAction\":[{\"@type\":\"SearchAction\",\"target\":{\"@type\":\"EntryPoint\",\"urlTemplate\":\"https:\/\/la-rioja.eu\/?s={search_term_string}\"},\"query-input\":{\"@type\":\"PropertyValueSpecification\",\"valueRequired\":true,\"valueName\":\"search_term_string\"}}],\"inLanguage\":\"fr-FR\"},{\"@type\":\"Organization\",\"@id\":\"https:\/\/la-rioja.eu\/#organization\",\"name\":\"https:\/\/La-Rioja.eu\",\"url\":\"https:\/\/la-rioja.eu\/\",\"logo\":{\"@type\":\"ImageObject\",\"inLanguage\":\"fr-FR\",\"@id\":\"https:\/\/la-rioja.eu\/#\/schema\/logo\/image\/\",\"url\":\"https:\/\/la-rioja.eu\/wp-content\/uploads\/2024\/09\/cropped-Logo_geaendert.jpg\",\"contentUrl\":\"https:\/\/la-rioja.eu\/wp-content\/uploads\/2024\/09\/cropped-Logo_geaendert.jpg\",\"width\":220,\"height\":135,\"caption\":\"https:\/\/La-Rioja.eu\"},\"image\":{\"@id\":\"https:\/\/la-rioja.eu\/#\/schema\/logo\/image\/\"},\"sameAs\":[\"https:\/\/www.facebook.com\/larioja.schreckling\/\"]}]}<\/script>\n<!-- \/ Yoast SEO plugin. -->","yoast_head_json":{"title":"Impressum - La-Rioja.eu","robots":{"index":"index","follow":"follow","max-snippet":"max-snippet:-1","max-image-preview":"max-image-preview:large","max-video-preview":"max-video-preview:-1"},"canonical":"https:\/\/la-rioja.eu\/fr\/impressum\/","og_locale":"fr_FR","og_type":"article","og_title":"Impressum - La-Rioja.eu","og_description":"Impressum Impressum Jana Schaefer Spanisches Bistro in Frankreich 32 Route de Sarrelouis 57320 Schreckling Kontakt Telefon: 01606800686 E-Mail: larioja@gmx.net Umsatzsteuer-ID Umsatzsteuer-Identifikationsnummer gem&auml;&szlig; &sect; 27 a Umsatzsteuergesetz: FR25984282640 EU-Streitschlichtung Die Europ&auml;ische [&hellip;]","og_url":"https:\/\/la-rioja.eu\/fr\/impressum\/","og_site_name":"La-Rioja.eu","article_publisher":"https:\/\/www.facebook.com\/larioja.schreckling\/","article_modified_time":"2024-07-16T17:37:20+00:00","twitter_card":"summary_large_image","schema":{"@context":"https:\/\/schema.org","@graph":[{"@type":"WebPage","@id":"https:\/\/la-rioja.eu\/impressum\/","url":"https:\/\/la-rioja.eu\/impressum\/","name":"Impressum - La-Rioja.eu","isPartOf":{"@id":"https:\/\/la-rioja.eu\/#website"},"datePublished":"2024-06-18T11:19:25+00:00","dateModified":"2024-07-16T17:37:20+00:00","breadcrumb":{"@id":"https:\/\/la-rioja.eu\/impressum\/#breadcrumb"},"inLanguage":"fr-FR","potentialAction":[{"@type":"ReadAction","target":["https:\/\/la-rioja.eu\/impressum\/"]}]},{"@type":"BreadcrumbList","@id":"https:\/\/la-rioja.eu\/impressum\/#breadcrumb","itemListElement":[{"@type":"ListItem","position":1,"name":"Startseite","item":"https:\/\/la-rioja.eu\/"},{"@type":"ListItem","position":2,"name":"Impressum"}]},{"@type":"WebSite","@id":"https:\/\/la-rioja.eu\/#website","url":"https:\/\/la-rioja.eu\/","name":"https:\/\/La-Rioja.eu","description":"Das etwas andere Restaurant","publisher":{"@id":"https:\/\/la-rioja.eu\/#organization"},"potentialAction":[{"@type":"SearchAction","target":{"@type":"EntryPoint","urlTemplate":"https:\/\/la-rioja.eu\/?s={search_term_string}"},"query-input":{"@type":"PropertyValueSpecification","valueRequired":true,"valueName":"search_term_string"}}],"inLanguage":"fr-FR"},{"@type":"Organization","@id":"https:\/\/la-rioja.eu\/#organization","name":"https:\/\/La-Rioja.eu","url":"https:\/\/la-rioja.eu\/","logo":{"@type":"ImageObject","inLanguage":"fr-FR","@id":"https:\/\/la-rioja.eu\/#\/schema\/logo\/image\/","url":"https:\/\/la-rioja.eu\/wp-content\/uploads\/2024\/09\/cropped-Logo_geaendert.jpg","contentUrl":"https:\/\/la-rioja.eu\/wp-content\/uploads\/2024\/09\/cropped-Logo_geaendert.jpg","width":220,"height":135,"caption":"https:\/\/La-Rioja.eu"},"image":{"@id":"https:\/\/la-rioja.eu\/#\/schema\/logo\/image\/"},"sameAs":["https:\/\/www.facebook.com\/larioja.schreckling\/"]}]}},"_links":{"self":[{"href":"https:\/\/la-rioja.eu\/fr\/wp-json\/wp\/v2\/pages\/26"}],"collection":[{"href":"https:\/\/la-rioja.eu\/fr\/wp-json\/wp\/v2\/pages"}],"about":[{"href":"https:\/\/la-rioja.eu\/fr\/wp-json\/wp\/v2\/types\/page"}],"author":[{"embeddable":true,"href":"https:\/\/la-rioja.eu\/fr\/wp-json\/wp\/v2\/users\/1"}],"replies":[{"embeddable":true,"href":"https:\/\/la-rioja.eu\/fr\/wp-json\/wp\/v2\/comments?post=26"}],"version-history":[{"count":7,"href":"https:\/\/la-rioja.eu\/fr\/wp-json\/wp\/v2\/pages\/26\/revisions"}],"predecessor-version":[{"id":383,"href":"https:\/\/la-rioja.eu\/fr\/wp-json\/wp\/v2\/pages\/26\/revisions\/383"}],"wp:attachment":[{"href":"https:\/\/la-rioja.eu\/fr\/wp-json\/wp\/v2\/media?parent=26"}],"curies":[{"name":"wp","href":"https:\/\/api.w.org\/{rel}","templated":true}]}}

<div data-elementor-type="wp-page" data-elementor-id="26" class="elementor elementor-26">
				<div class="elementor-element elementor-element-5d5a528 e-flex e-con-boxed e-con e-parent" data-id="5d5a528" data-element_type="container">
					<div class="e-con-inner">
				<div class="elementor-element elementor-element-e11853b elementor-widget__width-inherit elementor-widget elementor-widget-heading" data-id="e11853b" data-element_type="widget" data-widget_type="heading.default">
				<div class="elementor-widget-container">
			<h2 class="elementor-heading-title elementor-size-default">Impressum</h2>		</div>
				</div>
					</div>
				</div>
		<div class="elementor-element elementor-element-c0d6add e-flex e-con-boxed e-con e-parent" data-id="c0d6add" data-element_type="container">
					<div class="e-con-inner">
				<div class="elementor-element elementor-element-0f5e813 elementor-widget elementor-widget-html" data-id="0f5e813" data-element_type="widget" data-widget_type="html.default">
				<div class="elementor-widget-container">
			<h1>Impressum</h1>

<p>Jana Schaefer<br />
Bistrot espagnol en France<br />
32 Route de Sarrelouis<br />
57320 Schreckling</p>

<h2>Contact</h2>
<p>Telefon: 01606800686<br />
E-Mail: larioja@gmx.net</p>

<h2>Numéro de TVA</h2>
<p>Numéro d'identification de la taxe sur le chiffre d'affaires conformément au § 27 a de la loi sur la taxe sur le chiffre d'affaires :<br />
FR25984282640</p>

<h2>Règlement des litiges de l'UE</h2>
<p>La Commission européenne met à disposition une plateforme de règlement en ligne des litiges (RLL) : <a href="https://ec.europa.eu/consumers/odr/" target="_blank" rel="noopener noreferrer">https://ec.europa.eu/consumers/odr/</a>.<br /> Vous trouverez notre adresse e-mail en haut dans les mentions légales.</p>

<h2>Règlement des litiges de consommation/organe universel de conciliation</h2>
<p>Nous ne sommes pas prêts ou obligés de participer à des procédures de règlement des litiges devant un organisme de conciliation des consommateurs.

Source : eRecht24</p>

<p>Source :https://www.e-recht24.de <a href="https://www.e-recht24.de">eRecht24</a></p>		</div>
				</div>
					</div>
				</div>
				</div>
